{"id":41,"date":"2011-11-25T18:21:16","date_gmt":"2011-11-25T18:21:16","guid":{"rendered":"http:\/\/gemologia.sindijoias.org\/escola\/?page_id=41"},"modified":"2023-12-04T17:35:06","modified_gmt":"2023-12-04T17:35:06","slug":"contato-2","status":"publish","type":"page","link":"https:\/\/www.gemologiaibgm.com.br\/escola\/contato-2","title":{"rendered":"Contato"},"content":{"rendered":"<p>Fale com a gem\u00f3loga: <a href=\"mailto:escola@gemologiaibgm.com.br\">escola@gemologiaibgm.com.br<\/a><\/p>\n<h1 class=\"diamante\">Localiza\u00e7\u00e3o<\/h1>\n<p>Rua Luis Coelho, 223 &#8211; Edf. Apolo II &#8211; 8\u00ba andar<br \/>\nConsola\u00e7\u00e3o<br \/>\nCep: 01309901<br \/>\nS\u00e3o Paulo\/ SP<\/p>\n<p>R. Lu\u00eds Coelho, 223<br \/>\n<a href=\"https:\/\/goo.gl\/maps\/cqZVYj29B64MmuHd7\" target=\"_blank\" rel=\"noopener\" data-saferedirecturl=\"https:\/\/www.google.com\/url?q=https:\/\/goo.gl\/maps\/cqZVYj29B64MmuHd7&amp;source=gmail&amp;ust=1681913819440000&amp;usg=AOvVaw23ap-S07Ugd2nEWQyPwaHU\">https:\/\/goo.gl\/maps\/<wbr \/>cqZVYj29B64MmuHd7<\/a><\/p>\n<p><a href=\"https:\/\/www.gemologiaibgm.com.br\/laboratorio\/wp-content\/uploads\/2012\/11\/Condom\u00ednio-Edif\u00edcio-Apolo-I-Google-Maps-novo.pdf\">Condom\u00ednio Edif\u00edcio Apolo II &#8211; Google Maps-novo<\/a><\/p>\n<p>N\u00e3o dispomos de estacionamento pr\u00f3prio.<\/p>\n<p>Op\u00e7\u00f5es:<\/p>\n<p>Metr\u00f4 ( Consola\u00e7\u00e3o)<\/p>\n<p>\u00d4nibus<\/p>\n","protected":false},"excerpt":{"rendered":"<p>Fale com a gem\u00f3loga: escola@gemologiaibgm.com.br Localiza\u00e7\u00e3o Rua Luis Coelho, 223 &#8211; Edf. Apolo II &#8211; 8\u00ba andar Consola\u00e7\u00e3o Cep: 01309901 S\u00e3o Paulo\/ SP R. Lu\u00eds Coelho, 223 https:\/\/goo.gl\/maps\/cqZVYj29B64MmuHd7 Condom\u00ednio Edif\u00edcio Apolo II &#8211; Google Maps-novo N\u00e3o dispomos de estacionamento pr\u00f3prio. Op\u00e7\u00f5es: Metr\u00f4 ( Consola\u00e7\u00e3o) \u00d4nibus<\/p>\n","protected":false},"author":4,"featured_media":0,"parent":0,"menu_order":0,"comment_status":"closed","ping_status":"closed","template":"","meta":{"footnotes":""},"class_list":["post-41","page","type-page","status-publish","hentry"],"_links":{"self":[{"href":"https:\/\/www.gemologiaibgm.com.br\/escola\/wp-json\/wp\/v2\/pages\/41","targetHints":{"allow":["GET"]}}],"collection":[{"href":"https:\/\/www.gemologiaibgm.com.br\/escola\/wp-json\/wp\/v2\/pages"}],"about":[{"href":"https:\/\/www.gemologiaibgm.com.br\/escola\/wp-json\/wp\/v2\/types\/page"}],"author":[{"embeddable":true,"href":"https:\/\/www.gemologiaibgm.com.br\/escola\/wp-json\/wp\/v2\/users\/4"}],"replies":[{"embeddable":true,"href":"https:\/\/www.gemologiaibgm.com.br\/escola\/wp-json\/wp\/v2\/comments?post=41"}],"version-history":[{"count":16,"href":"https:\/\/www.gemologiaibgm.com.br\/escola\/wp-json\/wp\/v2\/pages\/41\/revisions"}],"predecessor-version":[{"id":2291,"href":"https:\/\/www.gemologiaibgm.com.br\/escola\/wp-json\/wp\/v2\/pages\/41\/revisions\/2291"}],"wp:attachment":[{"href":"https:\/\/www.gemologiaibgm.com.br\/escola\/wp-json\/wp\/v2\/media?parent=41"}],"curies":[{"name":"wp","href":"https:\/\/api.w.org\/{rel}","templated":true}]}}