{"id":805,"date":"2011-12-12T16:30:27","date_gmt":"2011-12-12T16:30:27","guid":{"rendered":"http:\/\/gemologia.sindijoias.org\/escola\/?page_id=805"},"modified":"2020-02-19T14:31:25","modified_gmt":"2020-02-19T14:31:25","slug":"tabelas","status":"publish","type":"page","link":"https:\/\/www.gemologiaibgm.com.br\/escola\/tabelas","title":{"rendered":"Tabelas"},"content":{"rendered":"<h5 style=\"text-align: center;\"><span style=\"color: #ff6600;\">Tabela de bodas<\/span><\/h5>\n<p style=\"text-align: justify;\">Tabela de gemas comemorativas das bodas ganha nova configura\u00e7\u00e3o<\/p>\n<p style=\"text-align: justify;\">A \u00e1rea de Gemologia do IBGM &#8211; apoiando a iniciativa da joalheria Ewiglich, de Petr\u00f3polis (RJ) &#8211; fez a revis\u00e3o t\u00e9cnica da nova tabela de gemas e metais comemorativos das bodas.<\/p>\n<p style=\"text-align: justify;\">Esta nova conven\u00e7\u00e3o sobre bodas e minerais que a simbolizam teve a tabela de bodas tradicional como ponto de partida, tendo sido conclu\u00edda somente ap\u00f3s anos de estudos e pesquisas.<\/p>\n<p style=\"text-align: justify;\">O IBGM e a Ajesp parabenizam a Ewiglich e a designer Krica Braun pela iniciativa deste dedicado e minucioso trabalho. Esta nova tabela certamente ir\u00e1 fortalecer o mercado para as gemas coradas brasileiras.<\/p>\n<p>Confira:<\/p>\n<p style=\"text-align: center;\"><a href=\"https:\/\/www.gemologiaibgm.com.br\/escola\/wp-content\/uploads\/2011\/12\/tabela_bodas1.jpg\"><img loading=\"lazy\" decoding=\"async\" class=\"aligncenter size-full wp-image-846\" src=\"https:\/\/www.gemologiaibgm.com.br\/escola\/wp-content\/uploads\/2011\/12\/tabela_bodas1.jpg\" alt=\"tabela_bodas\" width=\"500\" height=\"546\" srcset=\"https:\/\/www.gemologiaibgm.com.br\/escola\/wp-content\/uploads\/2011\/12\/tabela_bodas1.jpg 500w, https:\/\/www.gemologiaibgm.com.br\/escola\/wp-content\/uploads\/2011\/12\/tabela_bodas1-274x300.jpg 274w\" sizes=\"auto, (max-width: 500px) 100vw, 500px\" \/><\/a><\/p>\n<p style=\"text-align: center;\"><span style=\"color: #ff6600;\"><a href=\"https:\/\/www.gemologiaibgm.com.br\/escola\/wp-content\/uploads\/2011\/12\/tabela-de-bodas1.pdf\" target=\"_blank\"><span style=\"color: #ff6600;\">\u00a0\u00a0clique para baixar a tabela de Bodas<\/span><\/a><\/span><\/p>\n<h5 style=\"text-align: center;\"><span style=\"color: #ff6600;\">Tabela de Classifica\u00e7\u00e3o de Diamantes<\/span><\/h5>\n<p><a href=\"https:\/\/www.gemologiaibgm.com.br\/escola\/wp-content\/uploads\/2014\/05\/caract_diamante1.jpg\"><img loading=\"lazy\" decoding=\"async\" class=\"aligncenter size-full wp-image-1361\" src=\"https:\/\/www.gemologiaibgm.com.br\/escola\/wp-content\/uploads\/2014\/05\/caract_diamante1.jpg\" alt=\"caract_diamante\" width=\"540\" height=\"762\" srcset=\"https:\/\/www.gemologiaibgm.com.br\/escola\/wp-content\/uploads\/2014\/05\/caract_diamante1.jpg 540w, https:\/\/www.gemologiaibgm.com.br\/escola\/wp-content\/uploads\/2014\/05\/caract_diamante1-212x300.jpg 212w\" sizes=\"auto, (max-width: 540px) 100vw, 540px\" \/><\/a><\/p>\n<p style=\"text-align: center;\"><span style=\"color: #ff6600;\"><a href=\"https:\/\/www.gemologiaibgm.com.br\/escola\/wp-content\/uploads\/2014\/05\/caract_diamante1.jpg\" target=\"_blank\"><span style=\"color: #ff6600;\">clique para baixar a tabela de Classifica\u00e7\u00e3o de Diamante<\/span><\/a><\/span><\/p>\n<h5 style=\"text-align: center;\"><\/h5>\n<h5 style=\"text-align: center;\"><span style=\"color: #ff6600;\">Gemas do M\u00eas<\/span><\/h5>\n<p><a href=\"https:\/\/www.gemologiaibgm.com.br\/escola\/wp-content\/uploads\/2014\/05\/Untitled-1.jpg\"><img loading=\"lazy\" decoding=\"async\" class=\"aligncenter wp-image-1359\" src=\"https:\/\/www.gemologiaibgm.com.br\/escola\/wp-content\/uploads\/2014\/05\/Untitled-1.jpg\" alt=\"Untitled-1\" width=\"408\" height=\"592\" \/><\/a><\/p>\n<h6><\/h6>\n<p>&nbsp;<\/p>\n","protected":false},"excerpt":{"rendered":"<p>Tabela de bodas Tabela de gemas comemorativas das bodas ganha nova configura\u00e7\u00e3o A \u00e1rea de Gemologia do IBGM &#8211; apoiando a iniciativa da joalheria Ewiglich, de Petr\u00f3polis (RJ) &#8211; fez a revis\u00e3o t\u00e9cnica da nova tabela de gemas e metais comemorativos das bodas. Esta nova conven\u00e7\u00e3o sobre bodas e minerais que a simbolizam teve a [&hellip;]<\/p>\n","protected":false},"author":4,"featured_media":0,"parent":0,"menu_order":0,"comment_status":"closed","ping_status":"closed","template":"","meta":{"footnotes":""},"class_list":["post-805","page","type-page","status-publish","hentry"],"_links":{"self":[{"href":"https:\/\/www.gemologiaibgm.com.br\/escola\/wp-json\/wp\/v2\/pages\/805","targetHints":{"allow":["GET"]}}],"collection":[{"href":"https:\/\/www.gemologiaibgm.com.br\/escola\/wp-json\/wp\/v2\/pages"}],"about":[{"href":"https:\/\/www.gemologiaibgm.com.br\/escola\/wp-json\/wp\/v2\/types\/page"}],"author":[{"embeddable":true,"href":"https:\/\/www.gemologiaibgm.com.br\/escola\/wp-json\/wp\/v2\/users\/4"}],"replies":[{"embeddable":true,"href":"https:\/\/www.gemologiaibgm.com.br\/escola\/wp-json\/wp\/v2\/comments?post=805"}],"version-history":[{"count":29,"href":"https:\/\/www.gemologiaibgm.com.br\/escola\/wp-json\/wp\/v2\/pages\/805\/revisions"}],"predecessor-version":[{"id":2053,"href":"https:\/\/www.gemologiaibgm.com.br\/escola\/wp-json\/wp\/v2\/pages\/805\/revisions\/2053"}],"wp:attachment":[{"href":"https:\/\/www.gemologiaibgm.com.br\/escola\/wp-json\/wp\/v2\/media?parent=805"}],"curies":[{"name":"wp","href":"https:\/\/api.w.org\/{rel}","templated":true}]}}