{"id":1323,"date":"2012-10-25T16:42:22","date_gmt":"2012-10-25T16:42:22","guid":{"rendered":"http:\/\/gemologia.sindijoias.org\/laboratorio\/?page_id=1323"},"modified":"2018-07-27T15:05:29","modified_gmt":"2018-07-27T15:05:29","slug":"mini-certificado-de-diamante","status":"publish","type":"page","link":"https:\/\/www.gemologiaibgm.com.br\/laboratorio\/servicos-gemologicos\/mini-certificado-de-diamante\/","title":{"rendered":"Minidocumento de Classifica\u00e7\u00e3o de Diamante"},"content":{"rendered":"<h3 style=\"text-align: center;\"><a href=\"https:\/\/www.gemologiaibgm.com.br\/laboratorio\/wp-content\/uploads\/2012\/10\/mini-eli.jpg\"><img loading=\"lazy\" decoding=\"async\" class=\"alignnone wp-image-34420 size-medium\" src=\"https:\/\/www.gemologiaibgm.com.br\/laboratorio\/wp-content\/uploads\/2012\/10\/mini-eli-300x215.jpg\" width=\"300\" height=\"215\" srcset=\"https:\/\/www.gemologiaibgm.com.br\/laboratorio\/wp-content\/uploads\/2012\/10\/mini-eli-300x215.jpg 300w, https:\/\/www.gemologiaibgm.com.br\/laboratorio\/wp-content\/uploads\/2012\/10\/mini-eli-768x550.jpg 768w, https:\/\/www.gemologiaibgm.com.br\/laboratorio\/wp-content\/uploads\/2012\/10\/mini-eli-1024x733.jpg 1024w, https:\/\/www.gemologiaibgm.com.br\/laboratorio\/wp-content\/uploads\/2012\/10\/mini-eli.jpg 1225w\" sizes=\"auto, (max-width: 300px) 100vw, 300px\" \/><\/a><\/h3>\n<p style=\"text-align: center;\">Servi\u00e7o oferecido para diamantes soltos de 0,10 ct at\u00e9 0,90 ct, em cart\u00e3o PVC, com fotografia colorida e os 4CS (as quatro classifica\u00e7\u00f5es do diamante: peso, lapida\u00e7\u00e3o, pureza e cor).<\/p>\n<p>\u00a0<span style=\"font-family: Georgia, serif; font-size: 11pt; line-height: 115%;\">O Minidocumento de Classifica\u00e7\u00e3o de Diamante cont\u00e9m as seguintes informa\u00e7\u00f5es:<\/span><\/p>\n<div>\n<ul>\n<li><span style=\"font-size: 11pt; line-height: 115%;\">N\u00famero do documento<\/span><\/li>\n<li><span style=\"font-size: 11pt; line-height: 115%;\">Data de emiss\u00e3o do documento \u00a0<\/span><\/li>\n<li><span style=\"font-size: 11pt; line-height: 115%;\">Fotografia do diamante<\/span><\/li>\n<li><span style=\"font-size: 11pt; line-height: 115%;\">Classifica\u00e7\u00e3o da cor<\/span><\/li>\n<li><span style=\"font-size: 11pt; line-height: 115%;\">Classifica\u00e7\u00e3o da pureza<\/span><\/li>\n<li><span style=\"font-size: 11pt; line-height: 115%;\">Classifica\u00e7\u00e3o da lapida\u00e7\u00e3o<\/span><\/li>\n<li><span style=\"font-size: 11pt; line-height: 115%;\">Peso<\/span><\/li>\n<li><span style=\"font-size: 11pt; line-height: 115%;\">Medidas<\/span><\/li>\n<li><span style=\"font-size: 11pt; line-height: 115%;\">Estilo e formato da lapida\u00e7\u00e3o<\/span><\/li>\n<li><span style=\"font-size: 11pt; line-height: 115%;\">Fluoresc\u00eancia<\/span><\/li>\n<\/ul>\n<\/div>\n<p>&nbsp;<\/p>\n<p>Necess\u00e1rio agendar hor\u00e1rio.<\/p>\n<p>Nosso Laborat\u00f3rio Gemol\u00f3gico somente executa seus servi\u00e7os na presen\u00e7a do portador\u00a0 mediante o agendamento pr\u00e9vio. N\u00e3o aceitamos receber itens via correio. Caso tenha interesse em agendar um hor\u00e1rio, entre em contato com Eliana pelo telefone (011) 3016-5850.<\/p>\n<p>&nbsp;<\/p>\n<h5 style=\"text-align: center;\"><a title=\"Taxa expressa\" href=\"https:\/\/www.gemologiaibgm.com.br\/laboratorio\/taxa-expressa\" target=\"_blank\"><span style=\"color: #ff6600;\">Consulte nossa taxa especial para o Minidocumento de Classifica\u00e7\u00e3o de Diamante<\/span><\/a><\/h5>\n","protected":false},"excerpt":{"rendered":"<p>Servi\u00e7o oferecido para diamantes soltos de 0,10 ct at\u00e9 0,90 ct, em cart\u00e3o PVC, com fotografia colorida e os 4CS (as quatro classifica\u00e7\u00f5es do diamante: peso, lapida\u00e7\u00e3o, pureza e cor). \u00a0O Minidocumento de Classifica\u00e7\u00e3o de Diamante cont\u00e9m as seguintes informa\u00e7\u00f5es: N\u00famero do documento Data de emiss\u00e3o do documento \u00a0 Fotografia do diamante Classifica\u00e7\u00e3o da cor [&hellip;]<\/p>\n","protected":false},"author":5,"featured_media":0,"parent":18,"menu_order":0,"comment_status":"open","ping_status":"open","template":"","meta":{"footnotes":""},"class_list":["post-1323","page","type-page","status-publish","hentry"],"_links":{"self":[{"href":"https:\/\/www.gemologiaibgm.com.br\/laboratorio\/wp-json\/wp\/v2\/pages\/1323","targetHints":{"allow":["GET"]}}],"collection":[{"href":"https:\/\/www.gemologiaibgm.com.br\/laboratorio\/wp-json\/wp\/v2\/pages"}],"about":[{"href":"https:\/\/www.gemologiaibgm.com.br\/laboratorio\/wp-json\/wp\/v2\/types\/page"}],"author":[{"embeddable":true,"href":"https:\/\/www.gemologiaibgm.com.br\/laboratorio\/wp-json\/wp\/v2\/users\/5"}],"replies":[{"embeddable":true,"href":"https:\/\/www.gemologiaibgm.com.br\/laboratorio\/wp-json\/wp\/v2\/comments?post=1323"}],"version-history":[{"count":8,"href":"https:\/\/www.gemologiaibgm.com.br\/laboratorio\/wp-json\/wp\/v2\/pages\/1323\/revisions"}],"predecessor-version":[{"id":34421,"href":"https:\/\/www.gemologiaibgm.com.br\/laboratorio\/wp-json\/wp\/v2\/pages\/1323\/revisions\/34421"}],"up":[{"embeddable":true,"href":"https:\/\/www.gemologiaibgm.com.br\/laboratorio\/wp-json\/wp\/v2\/pages\/18"}],"wp:attachment":[{"href":"https:\/\/www.gemologiaibgm.com.br\/laboratorio\/wp-json\/wp\/v2\/media?parent=1323"}],"curies":[{"name":"wp","href":"https:\/\/api.w.org\/{rel}","templated":true}]}}