{"id":352,"date":"2011-12-06T12:18:40","date_gmt":"2011-12-06T12:18:40","guid":{"rendered":"http:\/\/gemologia.sindijoias.org\/laboratorio\/?page_id=352"},"modified":"2015-04-29T15:05:32","modified_gmt":"2015-04-29T15:05:32","slug":"laboratorio-gemologico-da-rede-ibgm-certifica-diamantes-brilho-infinito","status":"publish","type":"page","link":"https:\/\/www.gemologiaibgm.com.br\/laboratorio\/noticias\/laboratorio-gemologico-da-rede-ibgm-certifica-diamantes-brilho-infinito\/","title":{"rendered":"Diamantes Brilho Infinito"},"content":{"rendered":"<h3 style=\"text-align: center;\"><span style=\"color: #ff6600;\">Laborat\u00f3rio Gemol\u00f3gico da Rede IBGM certifica diamantes<\/span><\/h3>\n<h3 style=\"text-align: center;\"><span style=\"color: #ff6600;\">Brilho Infinito<\/span><\/h3>\n<p style=\"text-align: center;\"><img loading=\"lazy\" decoding=\"async\" src=\"https:\/\/www.gemologiaibgm.com.br\/laboratorio\/wp-content\/uploads\/2011\/12\/foto-jane-brilho-infinito-20090623-1353523.jpg\" alt=\"\" width=\"450\" height=\"338\" \/><\/p>\n<p>&nbsp;<\/p>\n<p>A sede paulistana do Iate Clube de Santos foi o palco do lan\u00e7amento nacional dos diamantes da marca\u00a0<a title=\"blocked::https:\/\/www.brilhoinfinito.com.br\/\" href=\"https:\/\/www.brilhoinfinito.com.br\/\" target=\"_blank\">Brilho Infinito<\/a>.<\/p>\n<p>O empres\u00e1rio Pepe Altstut, do grupo Altstut, promoveu o lan\u00e7amento desta marca de diamantes criados em laborat\u00f3rio no dia 18 de junho de 2011, em um jantar que contou com a presen\u00e7a de Pel\u00e9. O Brasil \u00e9 o primeiro pa\u00eds da Am\u00e9rica Latina a receber a marca.<br \/>\nPel\u00e9 teve seu cabelo sintetizado na forma de diamantes. As pedras foram presenteadas \u00e0 sua m\u00e3e, dona Celeste, que as doou a uma institui\u00e7\u00e3o hospitalar infantil. O Fant\u00e1stico, programa da Rede Globo de Televis\u00e3o, exibiu\u00a0mat\u00e9ria especial\u00a0no dia 31 de maio. \u201cQuando soube da possibilidade dessa tecnologia e da eterniza\u00e7\u00e3o por meio do diamante, fiqueimaravilhado com a oportunidade e fiz quest\u00e3o de presentear minha m\u00e3e\u201d, comentou o maior atleta de todos os tempos.<\/p>\n<p style=\"text-align: center;\">\u00a0\u00a0\u00a0\u00a0<img loading=\"lazy\" decoding=\"async\" src=\"https:\/\/www.gemologiaibgm.com.br\/laboratorio\/wp-content\/uploads\/2011\/12\/brilho-infinito-jane-ecio-joao-e-pele-Imagem-067-20090623-0940502.jpg\" alt=\"\" width=\"460\" height=\"345\" \/><\/p>\n<p>Criados em laborat\u00f3rio utilizando tecnologia de ponta e tendo como mat\u00e9ria-prima o carbono contido no cabelo humano, todos os diamantes da Brilho Infinito chegam \u00e0s m\u00e3os dos consumidores com certificado de autenticidade emitido pelo Laborat\u00f3rio Gemol\u00f3gico Dr. Rui Ribeiro Franco, integrante da Rede IBGM de Laborat\u00f3rios Gemol\u00f3gicos.<br \/>\nJane Gama, gem\u00f3loga respons\u00e1vel pela Rede IBGM e que assina os documentos emitidos pelo Laborat\u00f3rio para as pedras criadas pela Brilho Infinito, foi convidada pelo empres\u00e1rio Pepe Altstut para abrir a cerim\u00f4nia no jantar de lan\u00e7amento. Jane esclareceu para os presentes no jantar o que s\u00e3o diamantes criados em laborat\u00f3rio.<br \/>\n\u201cPara a cria\u00e7\u00e3o desses diamantes s\u00e3o simuladas em laborat\u00f3rio condi\u00e7\u00f5es de temperatura e press\u00e3o semelhantes \u00e0s da natureza. Os diamantes s\u00e3o formados de carbono puro. O carbono contido no cabelo humano \u00e9 submetido a uma alta tecnologia que o transforma em um cristal com as mesmas caracter\u00edsticas f\u00edsico-qu\u00edmicas de um diamante natural\u201d, informou Jane Gama.<\/p>\n<p>A partir do momento em que o consumidor envia seu cabelo para a Brilho Infinito, os processo de sintetiza\u00e7\u00e3o e transforma\u00e7\u00e3o em diamantes leva cerca de 60 dias.<br \/>\nNum primeiro momento, os diamantes da Brilho Infinito estar\u00e3o dispon\u00edveis nas cores champanhe e azul, al\u00e9m dos incolores, em tamanhos de 0,20 a 0,70ct, lapidados em formato brilhante e princess.<\/p>\n<p style=\"text-align: center;\">\u00a0<img loading=\"lazy\" decoding=\"async\" src=\"https:\/\/www.gemologiaibgm.com.br\/laboratorio\/wp-content\/uploads\/2011\/12\/ecio-morais-e-pepe-brilho-i-20090623-0936442.jpg\" alt=\"\" width=\"470\" height=\"353\" \/><\/p>\n<p>Mais informa\u00e7\u00f5es podem ser obtidas no site da\u00a0<span style=\"color: #ff6600;\"><a href=\"https:\/\/www.brilhoinfinito.com.br\/\" target=\"_blank\"><span style=\"color: #ff6600;\">Brilho Infinito<\/span><\/a><\/span>.<\/p>\n","protected":false},"excerpt":{"rendered":"<p>Laborat\u00f3rio Gemol\u00f3gico da Rede IBGM certifica diamantes Brilho Infinito &nbsp; A sede paulistana do Iate Clube de Santos foi o palco do lan\u00e7amento nacional dos diamantes da marca\u00a0Brilho Infinito. O empres\u00e1rio Pepe Altstut, do grupo Altstut, promoveu o lan\u00e7amento desta marca de diamantes criados em laborat\u00f3rio no dia 18 de junho de 2011, em um [&hellip;]<\/p>\n","protected":false},"author":5,"featured_media":0,"parent":10,"menu_order":0,"comment_status":"open","ping_status":"open","template":"","meta":{"footnotes":""},"class_list":["post-352","page","type-page","status-publish","hentry"],"_links":{"self":[{"href":"https:\/\/www.gemologiaibgm.com.br\/laboratorio\/wp-json\/wp\/v2\/pages\/352","targetHints":{"allow":["GET"]}}],"collection":[{"href":"https:\/\/www.gemologiaibgm.com.br\/laboratorio\/wp-json\/wp\/v2\/pages"}],"about":[{"href":"https:\/\/www.gemologiaibgm.com.br\/laboratorio\/wp-json\/wp\/v2\/types\/page"}],"author":[{"embeddable":true,"href":"https:\/\/www.gemologiaibgm.com.br\/laboratorio\/wp-json\/wp\/v2\/users\/5"}],"replies":[{"embeddable":true,"href":"https:\/\/www.gemologiaibgm.com.br\/laboratorio\/wp-json\/wp\/v2\/comments?post=352"}],"version-history":[{"count":2,"href":"https:\/\/www.gemologiaibgm.com.br\/laboratorio\/wp-json\/wp\/v2\/pages\/352\/revisions"}],"predecessor-version":[{"id":13953,"href":"https:\/\/www.gemologiaibgm.com.br\/laboratorio\/wp-json\/wp\/v2\/pages\/352\/revisions\/13953"}],"up":[{"embeddable":true,"href":"https:\/\/www.gemologiaibgm.com.br\/laboratorio\/wp-json\/wp\/v2\/pages\/10"}],"wp:attachment":[{"href":"https:\/\/www.gemologiaibgm.com.br\/laboratorio\/wp-json\/wp\/v2\/media?parent=352"}],"curies":[{"name":"wp","href":"https:\/\/api.w.org\/{rel}","templated":true}]}}